aluate (4 - 12 - (-13 + -11)) + (2 - 8).
10
What is 6 + (1 + 0 - -9)?
16
What is 0 - 7 - (-30 - (-41 - -13)) - 10?
-15
Calculate 4 - -10 - (8 - (8 + -3 + -5)).
6
What is the value of -7 - (-3 + 2 + 8 + -22)?
8
Calculate (21 - 30) + (3 + -1 - 15).
-22
-12 + -3 + (6 + 5 - 18)
-22
19 + -8 + (57 - 52) + (-1 - 3)
12
Calculate (-15 - -10) + -126 + 103.
-28
Evaluate -9 - (3 + 3 + -19).
4
Calculate -2 + 15 + -21 - -1.
-7
Evaluate 1 - 6 - (-7 + -14 - (-4 - 9)).
3
What is the value of (-53 - -71) + -28 - (-1 + 3)?
-12
What is -7 + -41 + 26 + -2?
-24
What is -18 + -41 + 22 + 27?
-10
What is -5 + 2 + (3 - (-2 + 6)) + -1?
-5
What is (7 - 41) + 3 + (-7 - -3) + 8?
-27
-8 + (16 - 12) + (2 - 1) + -21
-24
-17 - 1 - (60 + -37 + -13)
-28
Calculate 21 + -27 + (22 - (-2 - -4)).
14
Evaluate (-8 - 1) + -18 - -50.
23
What is the value of 12 + (-18 - -32) + -28?
-2
What is 20 - -19 - (-6 - -83)?
-38
What is the value of -40 + (8 - (-33 - -18))?
-17
Evaluate -10 - (0 + 8 - (-22 + 50)).
10
(-4 - -10 - 11) + 5
0
Evaluate 14 + (-6 + -4 - -4).
8
Calculate 13 - (37 + 6 + -23).
-7
Evaluate (-27 + 15 - -7) + -6 + -1 + -2.
-14
Calculate 22 - (-2 + 15) - (-2 + 5).
6
Evaluate -3 - (-22 - -39) - (-3 + 1).
-18
What is 11 + 9 - 18 - (0 + 8 + -2)?
-4
(230 - 242) + (0 - -1 - -29)
18
What is the value of (17 - 10) + -45 + 47?
9
18 + -6 + -16 - -6
2
Evaluate (-3 - 13) + 10 + (0 - 5).
-11
What is the value of (1 - (-7 - 0)) + -2 + 10?
16
-8 - (28 + -64 + 15)
13
-56 + 43 + (29 - (-7 + -2))
25
Calculate -350 + 341 + (-1 - -28).
18
What is (2 - 0) + -1 - (27 - 32)?
6
What is -1 + 10 + 1 - (955 + -933)?
-12
Evaluate (-10 + 5 + -2 - -5) + 0.
-2
What is the value of 2 + (2 + 0 - (0 + 10 - 9))?
3
Calculate 17 + -8 - 8 - (3 + (-4 - -3)).
-1
-1 - 6 - (25 + (1 + -23 - 25))
15
-18 - (-14 - (8 - (8 + -18)))
14
10 - ((17 - 9) + -6 + -1)
9
What is the value of 4 + (-7 - 7) + (20 - -8)?
18
Calculate -11 + 0 - (-4 + -4).
-3
What is the value of (-2 - -12) + ((-8 - -8) + 4 - 6)?
8
13 - (-2 - (-2 + (-26 - -14)))
1
What is the value of 26 - (6 + -8 + 15)?
13
What is the value of -2 + 9 - 2 - (-2 - 14)?
21
(16 - -4 - 6) + -77 + 89
26
What is 6 + (-6 - (-2 - (-2 - (6 - 8))))?
2
Evaluate -1 - 4 - (24 + -8 - 26).
5
7 + 1 - (27 - (-6 - -1 - 2))
-26
Calculate 118 + -121 - (0 - (-3 - (1 - 0))).
-7
Evaluate -12 - (3 - -3 - (13 + -15)).
-20
Evaluate (25 - ((-1 - -9) + -4)) + -10.
11
What is 18 + 0 + (8 - -1) + -14?
13
What is -16 + 29 + -5 - 12?
-4
Evaluate -4 + (-14 + 32 - 10).
4
What is -3 + 2 + (9 - 1) + (-17 - 5)?
-15
Calculate -7 - (-13 + 0 + (6 - 8) + -2).
10
Calculate -15 + -1 - (-54 + 39).
-1
Calculate 0 + -2 + -2 + (-4 - 26 - -39).
5
What is the value of ((-26 - -17) + 15 - -4) + 8?
18
-9 - 8 - (-29 + (66 - 28))
-26
What is -47 + 23 + -9 + 1?
-32
What is the value of -8 + (-8 - -17) - -10?
11
What is 5 + (-33 - (-3 - 8))?
-17
What is the value of -25 + -34 + 91 - 23?
9
What is the value of 1 - 4 - ((11 + -8 - 12) + 10)?
-4
What is 190 + -191 + 2 + -1 + 10 + -20?
-10
What is (17 + (-16 - -2) - 13) + 6?
-4
Evaluate (-2 - -11) + 17 + (-11 - 1).
14
What is the value of 21 - ((-4 - -1) + (5 - (-6 + 4)))?
17
What is the value of -12 + 0 + (-182 - -178)?
-16
What is the value of -90 - -88 - (-2 - -2 - (1 + -4))?
-5
What is the value of 0 - -22 - (324 - 313)?
11
What is -2 + -8 + 17 + 5?
12
What is the value of -6 + 2 - (-22 - (-29 - -13))?
2
What is the value of 14 + (1 - 6) + -4?
5
10 + 5 + -7 + -7
1
What is the value of -2 + 8 + (4 + -6 - -8) + -10?
2
What is (-1 - -14 - 16) + 15?
12
14 - (73 - 69 - (20 - 1))
29
-20 + 17 + 1 - ((-5 - 2) + 0)
5
What is the value of -37 + 16 + 29 + -21?
-13
What is -1 + 6 + -2 - (-24 + (9 - -17))?
1
Evaluate 1 - -3 - (3 + (-9 - -8 - 2)).
4
What is -10 + -3 + 11 + -8 - -4?
-6
-9 + -6 + 17 + -2
0
Calculate -503 - -511 - (-1 - -4).
5
Evaluate -24 + 2 + (32 - 16).
-6
What is the value of (123 - 135) + 17 + -1?
4
-6 + -10 + 9 + (8 - (7 + -1))
-5
What is the value of -11 - ((1 - (10 - 8)) + -13)?
3
Calculate -1 + 1 - (10 - (8 - 1)) - 3.
-6
What is 17 + -30 + 1 + 28 - 3?
13
Evaluate 3 + (3 - 8 - (-5 - 5)).
8
Calculate -1 - (-11 - (4 + -7 - 7)).
0
1 + -5 - -2 - (31 - 15 - 6)
-12
What is -8 + (-13 - -11) + 18 + -25 + 2?
-15
(11 - -3) + -9 + 3 + 0
8
3 - (18 - (1 - 1))
-15
Evaluate -32 - -27 - -12 - 11.
-4
What is the value of -13 + (-15 + (1 - -7) - -37)?
17
Calculate (-6 + -4 - -16) + (-4 - (-5 - 0)).
7
What is the value of -6 - ((1 - (4 + 3)) + 2 - 3)?
1
What is the value of (304 + -317 - (1 - 0)) + -3 + 0?
-17
What is the value of 2 + (1 - 1) + (2 - (-3 - -3))?
4
What is the value of -10 - (5 + -1 + -4 - (6 + -10))?
-14
Evaluate 7 - -1 - (32 + 22 + -46).
0
What is the value of -3 + -4 + 12 - 3 - -10?
12
-22 + (43 - (-7 + 23))
5
0 + 8 - (-13 + 13)
8
Calculate (-1 - (22 - 16)) + (3 - -3).
-1
Calculate 25 - (-5 - -4) - (-355 - -355).
26
Calculate 1 - -10 - ((-10 - -11) + 33).
-23
Calculate -16 + 7 + 9 - 1.
-1
-12 + (-16 - (-5 + 4 - 7))
-20
0 + (-26 - -33) - 2
5
Calculate 3 - (20 - 13) - (-24 + 5).
15
Calculate (-108 - -105) + -5 + 3.
-5
Evaluate (2 - 5 - (-11 + 9)) + (1 - 9).
-9
What is 2 + (-6 - 6) + 16 + -4?
2
What is (4 - -5) + (-23 - (7 + -12))?
-9
Evaluate -13 - -8 - (8 - (-2 + 7)).
-8
Evaluate (2 - 5) + 7 - 5 - (11 - 6).
-6
Evaluate (-2 - 1 - 11) + -32 + 15.
-31
Evaluate 12 + -1 + -1 - (-14 + (-11 - -5)).
30
Evaluate (3 - (-1 - 3)) + (-53 - -63).
17
(0 - 3 - (13 - 13)) + 36 - 5
28
What is 15 + (22 - 27 - (1 - -2))?
7
Calculate 165 - 144 - (10 - (4 + -2)).
13
Evaluate (29 - 31) + (-1 - 10).
-13
Evaluate 2 + -2 + 0 + 0 + 7.
7
Calculate 12 + -11 + 4 + (2 - 3) - -4.
8
Calculate (8 - -58) + -3 + -25.
38
Calculate (-431 - -424) + 0 + 12.
5
Evaluate -4 + (8 + (-10 - -17) - 6).
5
What is the value of -8 + -27 - -58 - (-6 - 0)?
29
(-16 + 1 - 1) + (-32 - -25) + 2
-21
Calculate -14 + 19 + (19 - 14).
10
What is 6 - (2 - 2) - ((-22 - -13) + 22)?
-7
Evaluate -9 + (2 + 0 - (-9 - 29)).
31
Evaluate 0 + 28 - (80 + -68).
16
What is -30 - (-34 + 34) - -49?
19
What is the value of (2 - -18) + -2 - (87 - 48 - 46)?
25
Evaluate -1 + 3 + (-6 - (-3 + -9)) - 31.
-23
Evaluate (-29 - (-38 - -48)) + 35.
-4
11 - (26 - (9 + 33))
27
Calculate (119 - 71) + -29 + (-2 - 9).
8
Calculate 8 + 0 + 59 + -65 - (-8 - -6).
4
Evaluate (7 - 2) + (-25 - (-3 + -19)).
2
Calculate (-58 - -65) + 0 + -13.
-6
What is the value of (-126 - -136) + (0 - 1 - 0)?
9
What is -31 + 97 + (-36 - 1)?
29
What is the value of (28 - 19) + -2 + -5?
2
Evaluate -14 - (-22 + 1) - (-5 - 5).
17
What is the value of (30 - 12) + 13 + -14 - (-4 + 3)?
18
What is -20 + -7 + 8 - -28 - 44?
-35
Calculate 4 + -3 + 0 - -29 - (310 - 301).
21
Evaluate -2 - -11 - (-58 + 53).
14
Evaluate -7 - (-13 - (-17 - 0)).
-11
Calculate 3 - 3 - 2 - (203 + -200).
-5
What is the value of (8 - (13 + -10)) + 4?
9
((-12 + 11 - -8) + 1 - 11) + -27
-30
-16 + 5 + (-13 - -17)
-7
What is the value of 3 + 9 - (-8 - -27)?
-7
-22 + 6 + (7 - 9) + 8
-10
What is 12 + (8 - ((9 - 10) + 10))?
11
-36 - (-91 + 0) - 20
35
2 + 4 - (-6 - -3 - 5 - -5)
9
Evaluate -3 + 13 - (-4 + 4) - 20.
-10
What is the value of (-6 - -8 - -3) + -3?
2
Calculate 7 + -13 + -6 - -6.
-6
Evaluate (-1 - 5) + 1 - 10.
-15
Calculate (16 - (-34 + 26)) + (1 - 10).
15
Evaluate (-6 - 4 - (-24 - 6)) + -12.
8
Calculate 8 - ((4 - (0 + 4)) + 10 + -6).
4
Evaluate -4 + 11 - (3 + 6 + -14).
12
Evaluate -280 + 266 - (-15 - 0).
1
Calculate 3 + (6 - ((-2 - 4) + 1 + 34)).
-20
Calculate 2 - (-2 + -12) - -10 - 8.
18
Evaluate (9 + -2 - (10 + -3)) + -6 - -8.
2
What is the value of -42 - (-19 - 9) - (-27 + 3)?
10
Evaluate (40 - 1) + (-24 - 1).
14
Calculate 23 - (12 + -8 + 5 + 0).
14
(-14 - (9 + 2)) + 18 + 2 + 0
-5
What is the value of 3 + -10 + -33 + 29 + 0?
-11
(-3 - -2 - 6 - 0) + -86 + 88
-5
Evaluate (1 - 1) + (0 - 0 - (-9 + 28)).
-19
Calculate 14 - ((0 - 14) + 13).
15
26 - (0 + 38 + -24)
12
Calculate 5 + -4 + -1 - (-4 - 4).
8
Calculate -4 + 1 - (1 + 3 + -4 + 8).
-11
What is 5 - 13 - (9 + (-21 - -9) + -5)?
0
(-10 - -7) + (-1 + -7 - 0)
-11
What is (12 - 8) + -9 + 2 - -2?
-1
Evaluate -57 + 60 + 0 + 0.
3
What is 2 + 10 + -23 - -19?
8
What is -35 - (13 - (37 + 19))?
8
Calculate 6 + 0 + -6 + -17 + 12.
-5
What is 2162 + -2168 + -10 + 0?
-16
Calculate (13 - 1) + 31 + -9.
34
What is the value of -1 - ((6 - 8) + 8) - 5?
-12
6 - (-15 + 30 + -18)
9
What is